igit of 8/2 + (-2 - f)?
4
Let t be -9*((-64)/6 - -4). Suppose 3*h = 54 + t. What is the tens digit of h?
3
Suppose 2*i + x = -6, 4*i + 3*x - 6 = -20. Let m be 36/28 + (-2)/7. What is the units digit of m/((i/(-12))/1)?
6
Let j(g) = 6*g - 12. Let y be j(9). Let z = -1 + y. What is the units digit of z?
1
Let l(z) = 51*z**2. Let t be l(-1). Suppose t = 3*a + 12. What is the tens digit of a?
1
Let c be -4 - -2*(4 + 8). Suppose 2*m = 7*m + c, 2*y = -5*m + 18. What is the units digit of y?
9
Let k be (-678)/(-8) + (-7)/(-28). Suppose 3*c - k = -2*c. What is the units digit of c?
7
Let r = 8 + 10. Let v = 52 - r. What is the tens digit of v?
3
Let t be -1 + (-6)/(-1 - 1). Suppose -4*w + 9*w = 0. Suppose 3*k - 2*a = 27, -t*k - 5*a + 11 + 26 = w. What is the units digit of k?
1
Suppose 4*w = 4 - 20. Let j = 7 - w. What is the units digit of j?
1
Let a = 29 - 20. Let m(x) = -x**2 + 2. Let d be m(2). Let j = a + d. What is the units digit of j?
7
Let l(s) = 2*s - 12. Let b be l(8). Suppose -3*g + 1 = -b*g, 0 = -t + 5*g. Let v = 5 - t. What is the units digit of v?
0
Suppose -5 = f - 2*f. Let v = 7 - f. Suppose 9 - v = k. What is the units digit of k?
7
Let k(t) = 2*t**2 - 7*t + 8. What is the tens digit of k(6)?
3
Let i(g) = 2*g**2 - g. Let f be 4/10*(0 - 5). Let a be i(f). What is the tens digit of 94/a - (-18)/30?
1
Let b(l) = l**2 + 4*l - 2. Let c(f) = f**3 - 3*f**2 - f - 1. Let v be c(3). Let t be b(v). Let r = 4 + t. What is the units digit of r?
2
Let c = -36 + 72. What is the tens digit of c?
3
Let c(l) = l**3 - 5*l**2 + 5*l - 1. Let y be c(4). Suppose -5*r = -4*d - 24, -1 - 10 = -y*r - d. What is the units digit of r?
4
Let t be 4 - (-1)/(-3)*-3. Suppose 4*i - 85 = -t*s + i, 85 = 5*s - 2*i. What is the units digit of s?
7
Let i(n) = n**2 - 2. What is the tens digit of i(14)?
9
Let t(q) = 2*q - 5. What is the tens digit of t(9)?
1
Let y(s) = -2*s**2 - s - 2. Let d be y(2). Let v be (-3)/(-18) - 118/d. Let f = v + -8. What is the units digit of f?
2
Suppose 0 = 5*f - 2*u - 637, 5*f + 0*f - 632 = -3*u. What is the units digit of f?
7
Suppose -6 = -2*g + b, -g + 0*g + 5*b = 6. Suppose d = -2*v + 12, -g*d + 11 - 3 = -2*v. What is the units digit of v?
4
Suppose i - 5*i = -2*j + 100, 4*i + 220 = 5*j. Suppose j = 5*g + 5*h, -3*g - h + 17 = -7. What is the units digit of g?
8
Let t = -105 + 143. What is the tens digit of t?
3
Suppose s = -0*s + 16. What is the units digit of 2/(-4) - (-40)/s?
2
What is the units digit of (-50)/(-3)*(75/10)/5?
5
Let m be (-111)/(-21) + (-6)/21. Let n be -5*1 - (-3 + 2). Let l = n + m. What is the units digit of l?
1
Let k(d) = -d**2 + 3*d - 6. Let f be k(7). What is the tens digit of f/(-3 + 1 + 1)?
3
Suppose -265 = -5*d - 0*k - k, -4*d + 3*k = -193. Suppose 4*y + 0*y = d. What is the tens digit of y?
1
Suppose 4*b = -1 + 13. Suppose b*m = 53 + 64. What is the units digit of m?
9
What is the tens digit of 1*(-2)/2*-22?
2
Let g = -8 + 14. What is the units digit of g?
6
Suppose -4*r = -n + 18, 0*n + 3*r = 4*n - 20. Let b(t) = -14*t + 4. Let k(c) = 7*c - 2. Let d(g) = 6*b(g) + 13*k(g). What is the units digit of d(n)?
2
Let j(y) be the second derivative of y**4/12 - y**3/2 + 5*y**2/2 - 3*y. Let l be j(6). Let h = l + -13. What is the tens digit of h?
1
Suppose -4*z - 6 = -l + 11, 3*l - 11 = 2*z. Suppose 2*f - 19 = l. What is the units digit of f?
0
Suppose -78 = -3*u + 69. What is the tens digit of u?
4
Suppose r - 6*r = 30. What is the tens digit of ((-4)/10)/(r/180)?
1
Let x = 3 + -3. Suppose -2*v + v = x, -n + 6 = -v. What is the units digit of n?
6
Let h(v) = -5*v**3 - v**2 - 2*v - 10. What is the hundreds digit of h(-3)?
1
Let z be (6/9)/((-8)/36). Let y(q) = -q**2 - 3*q + 2. Let l be y(z). Suppose 0 = h - l*h + 11. What is the units digit of h?
1
Suppose 5*w - 5*p = -205, 0 = -4*p + 8 + 12. Let g = -5 - w. What is the tens digit of g?
3
Let w(r) = r**3 + 4*r**2 + 3. Let k be w(-4). Suppose 3*v = -4*i - 2, 4*v = k*i + 6*v + 2. What is the units digit of i*(3/(-2) - 2)?
7
Let o = 1 + -1. Suppose o = 5*g - 3 - 22. What is the units digit of g?
5
Suppose 2*c - m - 22 = 0, 57 = 5*c + m - 4*m. What is the units digit of c?
9
Suppose 0 = 4*x + 5*h - 13 - 0, -19 = -x + 4*h. Suppose 0 = -x*n + 3*n + 20. Suppose 0 = n*l + 24 + 1, -2*r - l + 19 = 0. What is the units digit of r?
2
Let s = -16 - -19. Suppose -3*w - 7 = 5*g, -s*w - g = -4*g - 33. What is the units digit of w?
6
Let v(z) be the third derivative of 1/120*z**6 + 0*z + z**2 + 0*z**3 + 0 - 1/60*z**5 + 1/24*z**4. What is the units digit of v(2)?
6
Let o(b) = b + 2. Let h(r) = -4*r**2 - 2*r - 1. Let t be h(-1). Let l be o(t). Let a(u) = -3*u. What is the units digit of a(l)?
3
Let t(l) = l**3 + 3*l**2 - 2*l + 4. Let w = -4 - -4. Suppose z + 3 = w, -4*z = d - 5*d. What is the units digit of t(d)?
0
Suppose -n + 6*n - 55 = 0. Let a = -8 + n. What is the units digit of a?
3
Let v(j) = -j**3 - 6*j**2 - 2*j - 8. Let b be v(-6). What is the units digit of (b - 5)/((-1)/7)?
7
Let f = 157 + -93. What is the tens digit of f?
6
Let x(m) = -m**2 + m + 11. Let p(z) = z**2 - 3*z - 4. Let v be p(4). What is the tens digit of x(v)?
1
Suppose -5*f - 5 = -20, -12 = -2*v - 2*f. Suppose -3 = -v*d - 9. What is the units digit of (7/2)/((-1)/d)?
7
Let s(r) = r**3 + 2*r**2 - 4*r - 3. Let b be s(-3). Suppose -5*f + 3*q + 1 = b, -2*f - 2*q - 3*q = -19. Suppose -24 = -6*p + f*p. What is the units digit of p?
6
Suppose 10*q - 21*q + 792 = 0. What is the tens digit of q?
7
What is the hundreds digit of ((-3)/(-1))/(-3) + 133?
1
Suppose 2*a + 70 = a. Let j = -35 - a. Suppose 17 + j = 4*w. What is the units digit of w?
3
What is the tens digit of (3/(-2))/(-1 + (-442)/(-448))?
1
Let o be 0 + (-1 - -1) + -2. Let a(g) = -g**3 + g**2 - g - 1. What is the units digit of a(o)?
3
Suppose -5*k = -3*k - 254. What is the units digit of k?
7
Let p = 364 + -232. What is the hundreds digit of p?
1
Let w(m) = m**3 + 7*m**2 + 6*m - 6. Suppose -5*l = -3*l + 12. Let v be w(l). Let a = 3 - v. What is the units digit of a?
9
Suppose 2*g + 16 = 2*a - 74, -4*g = -5*a + 221. Suppose s + a = y, 0 = 4*y - y - 5*s - 127. What is the units digit of y?
9
Suppose 0 = -g + 2 + 1. Suppose c + 12 = 4*z + g, 5*z + 8 = 3*c. What is the tens digit of c?
1
Suppose 0*x = 3*x - 60. Suppose -x + 2 = -2*n. Suppose -4*u + 8 = -5*v - 7, v - 2*u = -n. What is the units digit of v?
1
Let g(t) = 5*t**2 + 4*t + 2. What is the units digit of g(-5)?
7
Let u = 28 - 3. Suppose -3*w = 2*w - u. What is the units digit of w?
5
Let r be (1/2)/((-1)/(-6)). Suppose -j = r*m - 11, -j + 17 = 5*m + j. Suppose 0*f - 3*y = f + 4, 3*f - m*y = 16. What is the units digit of f?
2
Suppose 4*v - v = 162. What is the tens digit of v?
5
Let a(j) = 11*j**2 - 4*j + 1. Let b(m) = 11*m**2 - 5*m + 1. Let l(n) = 3*a(n) - 2*b(n). What is the units digit of l(1)?
0
Let l(u) = u**2 - 4*u - 1. Let y be l(5). Let m(b) = -b**3 + 4*b**2 + 4. Let c be m(y). Let a = c + 3. What is the units digit of a?
7
Let b(f) = -3*f**2 - 5*f + 9. Let u(v) = -5*v**2 + 3*v + 6 + 7 - 11*v. Let p(q) = 8*b(q) - 5*u(q). What is the units digit of p(0)?
7
Suppose q = 2*z - 74, 10*z - 2*q = 5*z + 185. Let k = z + -19. Suppose k = 2*l + l. What is the units digit of l?
6
Suppose -2*l = 2*y - 260, y - 6*y = 3*l - 390. What is the units digit of l?
0
Suppose 0 = 2*r - 6*r + 4. What is the units digit of 16 + r + 4 + -2?
9
Let i = -8 - -34. What is the tens digit of i?
2
Let o = 12 + 8. What is the units digit of o?
0
Suppose 0 = 5*t + 5*i + 10, -2*t + 7*t + 50 = 3*i. Let g = t - -15. What is the units digit of g?
8
What is the units digit of (-14)/21 + 83/3?
7
Suppose 4*b - 3*g - 52 = 0, 7 = -b - 4*g + 39. What is the tens digit of b?
1
Let d = -54 - -132. What is the tens digit of d?
7
Let v(b) = -3 + 4 - 4 - 2*b + 2. What is the units digit of v(-7)?
3
Suppose b = t - 154, -4*t - 166 = -5*t + 5*b. What is the tens digit of t?
5
Suppose -3 = -4*p + 3*p. Suppose -3*c + p*s + 52 = 2*c, 0 = c - s - 10. What is the units digit of c?
1
Let x be (-3)/6*12/(-2). Suppose -185 = 5*f + 2*s, x*f + 59 = 3*s - 52. Let v = f + 58. What is the units digit of v?
1
Let k be (-37)/(-4) + (-2)/8. Let l = 13 - k. Suppose 3 = -l*z + 5*z. What is the units digit of z?
3
Let x(n) = n**2 + 5*n - 3. What is the tens dig